vided by 116.
14
Calculate the remainder when 89 is divided by 42.
5
Calculate the remainder when 12642 is divided by 45.
42
What is the remainder when 70 is divided by 22?
4
What is the remainder when 419 is divided by 60?
59
Calculate the remainder when 104 is divided by 53.
51
What is the remainder when 163 is divided by 22?
9
Calculate the remainder when 336 is divided by 94.
54
What is the remainder when 4036 is divided by 10?
6
What is the remainder when 79 is divided by 4?
3
Calculate the remainder when 17 is divided by 4.
1
Calculate the remainder when 202 is divided by 23.
18
Calculate the remainder when 10231 is divided by 16.
7
Calculate the remainder when 640 is divided by 15.
10
Calculate the remainder when 448 is divided by 72.
16
What is the remainder when 566 is divided by 103?
51
Calculate the remainder when 5814 is divided by 8.
6
Calculate the remainder when 126 is divided by 35.
21
What is the remainder when 14 is divided by 11?
3
Calculate the remainder when 2085 is divided by 60.
45
What is the remainder when 200 is divided by 51?
47
Calculate the remainder when 1693 is divided by 167.
23
What is the remainder when 276 is divided by 15?
6
What is the remainder when 2256 is divided by 84?
72
Calculate the remainder when 850 is divided by 55.
25
What is the remainder when 1486 is divided by 12?
10
Calculate the remainder when 879 is divided by 40.
39
What is the remainder when 168 is divided by 87?
81
Calculate the remainder when 55 is divided by 3.
1
Calculate the remainder when 323 is divided by 186.
137
What is the remainder when 84 is divided by 3?
0
What is the remainder when 1853 is divided by 66?
5
What is the remainder when 1249 is divided by 16?
1
What is the remainder when 42 is divided by 31?
11
Calculate the remainder when 3768 is divided by 1255.
3
Calculate the remainder when 978 is divided by 320.
18
What is the remainder when 23854 is divided by 42?
40
Calculate the remainder when 3508 is divided by 876.
4
Calculate the remainder when 1815 is divided by 359.
20
Calculate the remainder when 104 is divided by 41.
22
What is the remainder when 1445 is divided by 146?
131
Calculate the remainder when 799 is divided by 244.
67
What is the remainder when 3100 is divided by 141?
139
What is the remainder when 637 is divided by 281?
75
What is the remainder when 433 is divided by 88?
81
What is the remainder when 553 is divided by 185?
183
What is the remainder when 6247 is divided by 1248?
7
Calculate the remainder when 163 is divided by 33.
31
Calculate the remainder when 1491 is divided by 239.
57
What is the remainder when 319 is divided by 29?
0
What is the remainder when 17707 is divided by 110?
107
What is the remainder when 908 is divided by 37?
20
Calculate the remainder when 305 is divided by 101.
2
Calculate the remainder when 166 is divided by 56.
54
What is the remainder when 51 is divided by 43?
8
Calculate the remainder when 45 is divided by 4.
1
What is the remainder when 1730 is divided by 91?
1
Calculate the remainder when 1487 is divided by 246.
11
Calculate the remainder when 268 is divided by 246.
22
What is the remainder when 183 is divided by 37?
35
Calculate the remainder when 737 is divided by 37.
34
What is the remainder when 637 is divided by 25?
12
Calculate the remainder when 474 is divided by 14.
12
Calculate the remainder when 903 is divided by 8.
7
Calculate the remainder when 26246 is divided by 13.
12
Calculate the remainder when 96 is divided by 40.
16
Calculate the remainder when 2666 is divided by 23.
21
What is the remainder when 709 is divided by 42?
37
Calculate the remainder when 15530 is divided by 5173.
11
Calculate the remainder when 756 is divided by 138.
66
What is the remainder when 415 is divided by 19?
16
What is the remainder when 292 is divided by 196?
96
Calculate the remainder when 1885 is divided by 17.
15
What is the remainder when 271 is divided by 14?
5
Calculate the remainder when 6314 is divided by 79.
73
What is the remainder when 22445 is divided by 368?
365
Calculate the remainder when 2571 is divided by 117.
114
Calculate the remainder when 2668 is divided by 30.
28
Calculate the remainder when 1001 is divided by 26.
13
Calculate the remainder when 246 is divided by 80.
6
Calculate the remainder when 586 is divided by 17.
8
Calculate the remainder when 2115 is divided by 106.
101
Calculate the remainder when 13 is divided by 8.
5
What is the remainder when 718 is divided by 357?
4
What is the remainder when 1415 is divided by 3?
2
What is the remainder when 661 is divided by 167?
160
Calculate the remainder when 101 is divided by 30.
11
Calculate the remainder when 123 is divided by 90.
33
What is the remainder when 879 is divided by 16?
15
Calculate the remainder when 566 is divided by 33.
5
Calculate the remainder when 29972 is divided by 24.
20
Calculate the remainder when 655 is divided by 640.
15
What is the remainder when 594 is divided by 582?
12
What is the remainder when 178 is divided by 101?
77
What is the remainder when 222 is divided by 23?
15
What is the remainder when 1471 is divided by 464?
79
Calculate the remainder when 337 is divided by 66.
7
What is the remainder when 368 is divided by 49?
25
Calculate the remainder when 282 is divided by 98.
86
Calculate the remainder when 118 is divided by 109.
9
Calculate the remainder when 42 is divided by 16.
10
Calculate the remainder when 2494 is divided by 48.
46
Calculate the remainder when 37 is divided by 8.
5
What is the remainder when 498 is divided by 14?
8
What is the remainder when 100 is divided by 4?
0
Calculate the remainder when 822 is divided by 268.
18
Calculate the remainder when 1027 is divided by 198.
37
Calculate the remainder when 673 is divided by 173.
154
Calculate the remainder when 252 is divided by 185.
67
What is the remainder when 3110 is divided by 82?
76
Calculate the remainder when 3083 is divided by 1539.
5
Calculate the remainder when 959 is divided by 160.
159
What is the remainder when 9755 is divided by 41?
38
Calculate the remainder when 273 is divided by 46.
43
Calculate the remainder when 76 is divided by 32.
12
Calculate the remainder when 863 is divided by 37.
12
What is the remainder when 282 is divided by 270?
12
What is the remainder when 51 is divided by 15?
6
What is the remainder when 11213 is divided by 2?
1
What is the remainder when 854 is divided by 57?
56
Calculate the remainder when 106 is divided by 12.
10
Calculate the remainder when 74226 is divided by 44.
42
What is the remainder when 825 is divided by 166?
161
Calculate the remainder when 691 is divided by 21.
19
Calculate the remainder when 103 is divided by 53.
50
Calculate the remainder when 68 is divided by 20.
8
What is the remainder when 117 is divided by 24?
21
What is the remainder when 159 is divided by 4?
3
Calculate the remainder when 1055 is divided by 11.
10
What is the remainder when 455 is divided by 31?
21
Calculate the remainder when 236 is divided by 60.
56
Calculate the remainder when 91 is divided by 11.
3
Calculate the remainder when 68 is divided by 25.
18
What is the remainder when 3663 is divided by 3636?
27
Calculate the remainder when 374 is divided by 63.
59
Calculate the remainder when 165 is divided by 57.
51
What is the remainder when 3012 is divided by 58?
54
Calculate the remainder when 231 is divided by 8.
7
What is the remainder when 243 is divided by 114?
15
What is the remainder when 1842 is divided by 309?
297
What is the remainder when 517 is divided by 254?
9
What is the remainder when 365 is divided by 337?
28
Calculate the remainder when 63 is divided by 14.
7
What is the remainder when 4496 is divided by 225?
221
What is the remainder when 1281 is divided by 1277?
4
What is the remainder when 81 is divided by 18?
9
Calculate the remainder when 161 is divided by 63.
35
What is the remainder when 4588 is divided by 763?
10
Calculate the remainder when 2241 is divided by 51.
48
What is the remainder when 485 is divided by 78?
17
What is the remainder when 594 is divided by 291?
12
Calculate the remainder when 646 is divided by 24.
22
Calculate the remainder when 1106 is divided by 27.
26
Calculate the remainder when 985 is divided by 251.
232
Wh